{"version":"1.0","provider_name":"Verschluss.de","provider_url":"https:\/\/verschluss.de\/en","author_name":"AndiKopp","author_url":"https:\/\/verschluss.de\/en\/author\/andikopp\/","title":"Die Secco-Kordel - Verschluss.de","type":"rich","width":600,"height":338,"html":"<blockquote class=\"wp-embedded-content\" data-secret=\"frf7xzOBMm\"><a href=\"https:\/\/verschluss.de\/en\/schneider\/die-secco-kordel\/\">Die Secco-Kordel<\/a><\/blockquote><iframe sandbox=\"allow-scripts\" security=\"restricted\" src=\"https:\/\/verschluss.de\/en\/schneider\/die-secco-kordel\/embed\/#?secret=frf7xzOBMm\" width=\"600\" height=\"338\" title=\"&#8220;Die Secco-Kordel&#8221; &#8212; Verschluss.de\" data-secret=\"frf7xzOBMm\" frameborder=\"0\" marginwidth=\"0\" marginheight=\"0\" scrolling=\"no\" class=\"wp-embedded-content\"><\/iframe><script>\n\/*! This file is auto-generated *\/\n!function(d,l){\"use strict\";l.querySelector&&d.addEventListener&&\"undefined\"!=typeof URL&&(d.wp=d.wp||{},d.wp.receiveEmbedMessage||(d.wp.receiveEmbedMessage=function(e){var t=e.data;if((t||t.secret||t.message||t.value)&&!\/[^a-zA-Z0-9]\/.test(t.secret)){for(var s,r,n,a=l.querySelectorAll('iframe[data-secret=\"'+t.secret+'\"]'),o=l.querySelectorAll('blockquote[data-secret=\"'+t.secret+'\"]'),c=new RegExp(\"^https?:$\",\"i\"),i=0;i<o.length;i++)o[i].style.display=\"none\";for(i=0;i<a.length;i++)s=a[i],e.source===s.contentWindow&&(s.removeAttribute(\"style\"),\"height\"===t.message?(1e3<(r=parseInt(t.value,10))?r=1e3:~~r<200&&(r=200),s.height=r):\"link\"===t.message&&(r=new URL(s.getAttribute(\"src\")),n=new URL(t.value),c.test(n.protocol))&&n.host===r.host&&l.activeElement===s&&(d.top.location.href=t.value))}},d.addEventListener(\"message\",d.wp.receiveEmbedMessage,!1),l.addEventListener(\"DOMContentLoaded\",function(){for(var e,t,s=l.querySelectorAll(\"iframe.wp-embedded-content\"),r=0;r<s.length;r++)(t=(e=s[r]).getAttribute(\"data-secret\"))||(t=Math.random().toString(36).substring(2,12),e.src+=\"#?secret=\"+t,e.setAttribute(\"data-secret\",t)),e.contentWindow.postMessage({message:\"ready\",secret:t},\"*\")},!1)))}(window,document);\n\/\/# sourceURL=https:\/\/verschluss.de\/wp-includes\/js\/wp-embed.min.js\n<\/script>","description":"Entwickelt wurde dieser Verschluss urspr\u00fcnglich f\u00fcr den italienischen Markt, wo die Prosecco-Flaschen per Hand mit einer Kordel unter gro\u00dfer Anstrengung angebracht wurden. Ende der 1990er Jahre wurden in Italien j\u00e4hrlich um die 20 Mio. Flaschen Prosecco verkauft. Bedingt durch den gro\u00dfen Bedarf auf dem italienischen Markt, die Herstellung von Secco seitens der deutschen Kellereien und [&hellip;]","thumbnail_url":"https:\/\/verschluss.de\/wp-content\/uploads\/2021\/12\/Sch-249-980x653-1.jpg","thumbnail_width":980,"thumbnail_height":653}

Entwickelt wurde dieser Verschluss ursprünglich für den italienischen Markt, wo die Prosecco-Flaschen per Hand mit einer Kordel unter großer Anstrengung angebracht wurden. Ende der 1990er Jahre wurden in Italien jährlich um die 20 Mio. Flaschen Prosecco verkauft. Bedingt durch den großen Bedarf auf dem italienischen Markt, die Herstellung von Secco seitens der deutschen Kellereien und [&hellip;]
